{"version":"1.0","provider_name":"Mai M\u00f3ni","provider_url":"https:\/\/maimoni.cafeblog.hu","author_name":"maimoni","author_url":"https:\/\/maimoni.cafeblog.hu\/author\/maimoni-2\/","title":"Ljubljana k\u00f6zel van, meg sz\u00e9p is","html":"<p>Ljubljan\u00e1ba akkor szerett\u00fcnk bele, amikor tavaly \u0151sszel<a href=\"https:\/\/maimoni.cafeblog.hu\/2019\/01\/29\/ha-iden-csak-egy-kirandulast-engedhetsz-meg-magadnak-menj-bledbe\/\"> Bledb\u0151l,<\/a> illetve a Soca foly\u00f3n megejtett vadv\u00edzi evez\u00e9sb\u0151l hazafel\u00e9 meg\u00e1lltunk ott. Kedves, szeretnival\u00f3 v\u00e1ros, gy\u00f6ny\u00f6r\u0171 belv\u00e1rossal, amelyet a Ljubljanica foly\u00f3 szel kett\u00e9: jobb \u00e9s bal partj\u00e1n k\u00e1v\u00e9z\u00f3k, \u00e9ttermek, \u00fczletek v\u00e1rj\u00e1k a vend\u00e9geket.<\/p>\r\n<p><a href=\"https:\/\/maimoni.cafeblog.hu\/files\/2019\/04\/IMG_20190408_154638.jpg\"><img class=\"aligncenter size-large wp-image-16966\" src=\"https:\/\/maimoni.cafeblog.hu\/files\/2019\/04\/IMG_20190408_154638-450x600.jpg\" alt=\"\" width=\"450\" height=\"600\" \/><\/a>A foly\u00f3n s\u0171r\u0171n k\u00f6vetik egym\u00e1st a gyaloghidak, de ak\u00e1r haj\u00f3zni is lehet rajta. Kicsit olyan, mint Velence, \u00e1m t\u00falzs\u00fafolts\u00e1g \u00e9s turista\u00e1radat n\u00e9lk\u00fcl.<\/p>\r\n<p><a href=\"https:\/\/maimoni.cafeblog.hu\/files\/2019\/04\/IMG_5876.jpg\"><img class=\"aligncenter size-large wp-image-16935\" src=\"https:\/\/maimoni.cafeblog.hu\/files\/2019\/04\/IMG_5876-600x450.jpg\" alt=\"\" width=\"600\" height=\"450\" \/><\/a>Egyik legnevezetesebb h\u00edd a fenti k\u00e9pen l\u00e1that\u00f3 tripla h\u00edd, a Tromostovje. <a href=\"https:\/\/maimoni.cafeblog.hu\/files\/2019\/04\/IMG_20190408_150950.jpg\"><img class=\"aligncenter size-large wp-image-16957\" src=\"https:\/\/maimoni.cafeblog.hu\/files\/2019\/04\/IMG_20190408_150950-600x450.jpg\" alt=\"\" width=\"600\" height=\"450\" \/><\/a><\/p>\r\n<p>Itt is tal\u00e1ltunk olyan hidat, amelyre lakatokat tesznek p\u00e1rok az \u00f6r\u00f6k szerelem rem\u00e9ny\u00e9ben, \u00e9s itt fent is maradhatnak a hely\u00fck\u00f6n.<a href=\"https:\/\/maimoni.cafeblog.hu\/files\/2019\/04\/IMG_20190408_145812.jpg\"><img class=\"aligncenter size-large wp-image-16968\" src=\"https:\/\/maimoni.cafeblog.hu\/files\/2019\/04\/IMG_20190408_145812-600x398.jpg\" alt=\"\" width=\"600\" height=\"398\" \/><\/a><\/p>\r\n<p><a href=\"https:\/\/maimoni.cafeblog.hu\/files\/2019\/04\/IMG_20190408_145844.jpg\"><img class=\"aligncenter size-large wp-image-16954\" src=\"https:\/\/maimoni.cafeblog.hu\/files\/2019\/04\/IMG_20190408_145844-450x600.jpg\" alt=\"\" width=\"450\" height=\"600\" \/><\/a><\/p>\r\n<p>M\u00e9g egy hidat megmutatok, nagyon tetszik nekem, r\u00e1ad\u00e1sul alatta egy v\u00edzen ringat\u00f3z\u00f3 k\u00e1v\u00e9z\u00f3 is tal\u00e1lhat\u00f3.<\/p>\r\n<p><a href=\"https:\/\/maimoni.cafeblog.hu\/files\/2019\/04\/IMG_20190408_154324.jpg\"><img class=\"aligncenter size-large wp-image-16970\" src=\"https:\/\/maimoni.cafeblog.hu\/files\/2019\/04\/IMG_20190408_154324-600x450.jpg\" alt=\"\" width=\"600\" height=\"450\" \/><\/a>Annyira l\u00e9gies, k\u00f6nny\u0171... \u00c9s az ember m\u00e1r att\u00f3l j\u00f3l \u00e9rzi mag\u00e1t, hogy n\u00e9zel\u0151dik r\u00f3la mindk\u00e9t ir\u00e1nyba.\u00a0<a href=\"https:\/\/maimoni.cafeblog.hu\/files\/2019\/04\/IMG_5870.jpg\"><img class=\"aligncenter size-large wp-image-16930\" src=\"https:\/\/maimoni.cafeblog.hu\/files\/2019\/04\/IMG_5870-600x450.jpg\" alt=\"\" width=\"600\" height=\"450\" \/><\/a><\/p>\r\n<p>A foly\u00f3parton s\u00e9t\u00e1lni remek, \u00e1m k\u00f6zben meg\u00e9hezik az ember; mi a Julija \u00e9tterembe t\u00e9rt\u00fcnk be eb\u00e9delni, amit j\u00f3 sz\u00edvvel aj\u00e1nlok nektek is: szuper kiszolg\u00e1l\u00e1s, finom \u00e9telek. Ez az \u00e9tterem az \u00f3v\u00e1rosban,\u00a0 foly\u00f3partt\u00f3l egy utc\u00e1nyira tal\u00e1lhat\u00f3.<a href=\"https:\/\/maimoni.cafeblog.hu\/files\/2019\/04\/IMG_20190408_134457.jpg\"><img class=\"aligncenter size-large wp-image-16946\" src=\"https:\/\/maimoni.cafeblog.hu\/files\/2019\/04\/IMG_20190408_134457-600x450.jpg\" alt=\"\" width=\"600\" height=\"450\" \/><\/a>\u00c9s ha m\u00e1r bej\u00f6tt\u00f6k ebbe az utc\u00e1ba, mindenk\u00e9ppen fedezz\u00e9tek fel! Gy\u00f6ny\u00f6r\u0171 \u00e9p\u00fcletekkel van tele.<a href=\"https:\/\/maimoni.cafeblog.hu\/files\/2019\/04\/IMG_5874.jpg\"><img class=\"aligncenter size-large wp-image-16933\" src=\"https:\/\/maimoni.cafeblog.hu\/files\/2019\/04\/IMG_5874-600x450.jpg\" alt=\"\" width=\"600\" height=\"450\" \/><\/a>Ezen az oldalon tal\u00e1lhat\u00f3 a v\u00e1r is, oda mi nem ment\u00fcnk fel, mivel azt olvastam r\u00f3la, hogy a kil\u00e1t\u00e1s onnan pont a panelh\u00e1zakra ny\u00edlik, mi pedig ink\u00e1bb az \u00f3v\u00e1rost akartuk m\u00e9g egy kicsit jobban felfedezni.<a href=\"https:\/\/maimoni.cafeblog.hu\/files\/2019\/04\/IMG_20190408_150825.jpg\"><img class=\"aligncenter size-large wp-image-16956\" src=\"https:\/\/maimoni.cafeblog.hu\/files\/2019\/04\/IMG_20190408_150825-476x600.jpg\" alt=\"\" width=\"476\" height=\"600\" \/><\/a>S\u00e9ta k\u00f6zben l\u00e1ttam meg egy kirakatban a Mozart goly\u00f3 szlov\u00e9n v\u00e1ltozat\u00e1t... Vagyis, nem k\u00f3stoltuk meg, de arra eml\u00e9keztetett \u00edgy r\u00e1n\u00e9z\u00e9sre.<a href=\"https:\/\/maimoni.cafeblog.hu\/files\/2019\/04\/IMG_20190408_144613.jpg\"><img class=\"aligncenter size-large wp-image-16952\" src=\"https:\/\/maimoni.cafeblog.hu\/files\/2019\/04\/IMG_20190408_144613-600x423.jpg\" alt=\"\" width=\"600\" height=\"423\" \/><\/a>Ha m\u00e1r az \u00e9dess\u00e9gekn\u00e9l tartunk - h\u00e1t persze, hogy bement\u00fcnk egy cukr\u00e1szd\u00e1ba!!! Nem b\u00edztuk a v\u00e9letlenre, a vend\u00e9gek kritik\u00e1i alapj\u00e1n legjobbnak tartott Lolit\u00e1t v\u00e1lasztottuk, imm\u00e1r m\u00e1sodszor: tavaly \u0151sszel is ben\u00e9zt\u00fcnk ide, k\u00f3stoltunk, \u00e9s nagyon el\u00e9gedettek voltunk. <a href=\"https:\/\/maimoni.cafeblog.hu\/files\/2019\/04\/IMG_20190408_150950_1.jpg\"><img class=\"aligncenter size-large wp-image-16958\" src=\"https:\/\/maimoni.cafeblog.hu\/files\/2019\/04\/IMG_20190408_150950_1-600x450.jpg\" alt=\"\" width=\"600\" height=\"450\" \/><\/a>B\u00e1r az \u00fczlet elnevez\u00e9se v\u00e9lem\u00e9ny\u00fcnk szerint ink\u00e1bb valamif\u00e9le night clubot id\u00e9z, a Lolita egy igazi cuki cukr\u00e1szda. Gy\u00f6ny\u00f6r\u0171 tort\u00e1kkal, monodesszertekkel, macaronokkal...<a href=\"https:\/\/maimoni.cafeblog.hu\/files\/2019\/04\/IMG_5883.jpg\"><img class=\"aligncenter size-large wp-image-16942\" src=\"https:\/\/maimoni.cafeblog.hu\/files\/2019\/04\/IMG_5883-450x600.jpg\" alt=\"\" width=\"450\" height=\"600\" \/><\/a> \u00d3 igen, s finom k\u00e1v\u00e9val.<a href=\"https:\/\/maimoni.cafeblog.hu\/files\/2019\/04\/IMG_5882-e1555020470892.jpg\"><img class=\"aligncenter size-large wp-image-16941\" src=\"https:\/\/maimoni.cafeblog.hu\/files\/2019\/04\/IMG_5882-e1555020470892-450x600.jpg\" alt=\"\" width=\"450\" height=\"600\" \/><\/a>Ez ut\u00f3bbi s\u00fcti a gibanica, eg\u00e9szen m\u00e1s, mint ahogy mi k\u00e9sz\u00edtj\u00fck, itt alm\u00e1s-t\u00far\u00f3s-m\u00e1kos. Finom, b\u00e1r nekem kicsit t\u00fal \u00e9des volt.<a href=\"https:\/\/maimoni.cafeblog.hu\/files\/2019\/04\/IMG_20190408_153337_1.jpg\"><img class=\"aligncenter size-large wp-image-16965\" src=\"https:\/\/maimoni.cafeblog.hu\/files\/2019\/04\/IMG_20190408_153337_1-450x600.jpg\" alt=\"\" width=\"450\" height=\"600\" \/><\/a>Neh\u00e9z volt abbahagyni a f\u00e9nyk\u00e9pez\u00e9st, a Lolit\u00e1t nagyon kital\u00e1lt\u00e1k.<a href=\"https:\/\/maimoni.cafeblog.hu\/files\/2019\/04\/IMG_20190408_151326.jpg\"><img class=\"aligncenter size-large wp-image-16959\" src=\"https:\/\/maimoni.cafeblog.hu\/files\/2019\/04\/IMG_20190408_151326-450x600.jpg\" alt=\"\" width=\"450\" height=\"600\" \/><\/a>Nos, el\u0151bb-ut\u00f3bb az\u00e9rt innen is el kellett j\u00f6nn\u00fcnk... S\u00e9t\u00e1lgattunk m\u00e9g egy kicsit, majd visszat\u00e9rt\u00fcnk a kocsinkhoz, amit a v\u00e1ros f\u0151 tere alatti m\u00e9lygar\u00e1zsban hagytunk. Egy\u00e9bk\u00e9nt volt olyan terv\u00fcnk - olvastam az \u00fatle\u00edr\u00e1sokban - hogy biciklit k\u00f6lcs\u00f6nz\u00fcnk majd a t\u00f6bb ponton elhelyezett k\u00f6lcs\u00f6nz\u0151 \u00e1llom\u00e1sokb\u00f3l, \u00e1ll\u00edt\u00f3lag, ha az ember k\u00e9t \u00f3r\u00e1n bel\u00fcl visszaviszi, ingyenes, \u00e9s ut\u00e1na is eg\u00e9szen olcs\u00f3, p\u00e1r eur\u00f3b\u00f3l meg\u00faszhat\u00f3. Tal\u00e1n pont ez\u00e9rt a helyi lakoss\u00e1g is akt\u00edvan haszn\u00e1lja, \u00edgy egy darabot sem tal\u00e1ltunk sehol...:-) De azt\u00e1n nem b\u00e1ntuk, j\u00f3t s\u00e9t\u00e1ltunk.<a href=\"https:\/\/maimoni.cafeblog.hu\/files\/2019\/04\/IMG_20190408_165820.jpg\"><img class=\"aligncenter size-large wp-image-16967\" src=\"https:\/\/maimoni.cafeblog.hu\/files\/2019\/04\/IMG_20190408_165820-450x600.jpg\" alt=\"\" width=\"450\" height=\"600\" \/><\/a>Ez az a bizonyos f\u0151 t\u00e9r - nem val\u00f3sz\u00edn\u0171, hogy ez a neve -, ott fent pedig a v\u00e1r l\u00e1that\u00f3.<\/p>\r\n<p>B\u00e1r csak a h\u00e9tf\u0151i szabadnapunkat sz\u00e1ntuk r\u00e1 erre a kis kir\u00e1ndul\u00e1sra, sok mindent l\u00e1ttunk. Legk\u00f6zelebb szeretn\u00e9nk elt\u00f6lteni egy \u00e9jszak\u00e1t itt, Szlov\u00e9nia gy\u00f6ny\u00f6r\u0171 f\u0151v\u00e1ros\u00e1ban, hogy megn\u00e9zz\u00fck az esti f\u00e9nyeiben is. Rem\u00e9lem, hamarosan sort ker\u00edt\u00fcnk r\u00e1!<\/p>\r\n<p>&nbsp;<\/p>","type":"rich","thumbnail_url":"https:\/\/maimoni.cafeblog.hu\/files\/2019\/04\/IMG_20190408_154638-150x150.jpg","thumbnail_width":150,"thumbnail_height":150}

Mai Móni

Ljubljana közel van, meg szép is

<p>Ljubljanába akkor szerettünk bele, amikor tavaly ősszel<a href="https://maimoni.cafeblog.hu/2019/01/29/ha-iden-csak-egy-kirandulast-engedhetsz-meg-magadnak-menj-bledbe/"> Bledből,</a> illetve a Soca folyón megejtett vadvízi evezésből hazafelé megálltunk ott. Kedves, szeretnivaló város, gyönyörű belvárossal, amelyet a Ljubljanica folyó szel ketté: jobb és bal partján kávézók, éttermek, üzletek várják a vendégeket.</p>
<p><a href="https://maimoni.cafeblog.hu/files/2019/04/IMG_20190408_154638.jpg"><img class="aligncenter size-large wp-image-16966" src="https://maimoni.cafeblog.hu/files/2019/04/IMG_20190408_154638-450x600.jpg" alt="" width="450" height="600" /></a>A folyón sűrűn követik egymást a gyaloghidak, de akár hajózni is lehet rajta. Kicsit olyan, mint Velence, ám túlzsúfoltság és turistaáradat nélkül.</p>
<p><a href="https://maimoni.cafeblog.hu/files/2019/04/IMG_5876.jpg"><img class="aligncenter size-large wp-image-16935" src="https://maimoni.cafeblog.hu/files/2019/04/IMG_5876-600x450.jpg" alt="" width="600" height="450" /></a>Egyik legnevezetesebb híd a fenti képen látható tripla híd, a Tromostovje. <a href="https://maimoni.cafeblog.hu/files/2019/04/IMG_20190408_150950.jpg"><img class="aligncenter size-large wp-image-16957" src="https://maimoni.cafeblog.hu/files/2019/04/IMG_20190408_150950-600x450.jpg" alt="" width="600" height="450" /></a></p>
<p>Itt is találtunk olyan hidat, amelyre lakatokat tesznek párok az örök szerelem reményében, és itt fent is maradhatnak a helyükön.<a href="https://maimoni.cafeblog.hu/files/2019/04/IMG_20190408_145812.jpg"><img class="aligncenter size-large wp-image-16968" src="https://maimoni.cafeblog.hu/files/2019/04/IMG_20190408_145812-600x398.jpg" alt="" width="600" height="398" /></a></p>
<p><a href="https://maimoni.cafeblog.hu/files/2019/04/IMG_20190408_145844.jpg"><img class="aligncenter size-large wp-image-16954" src="https://maimoni.cafeblog.hu/files/2019/04/IMG_20190408_145844-450x600.jpg" alt="" width="450" height="600" /></a></p>
<p>Még egy hidat megmutatok, nagyon tetszik nekem, ráadásul alatta egy vízen ringatózó kávézó is található.</p>
<p><a href="https://maimoni.cafeblog.hu/files/2019/04/IMG_20190408_154324.jpg"><img class="aligncenter size-large wp-image-16970" src="https://maimoni.cafeblog.hu/files/2019/04/IMG_20190408_154324-600x450.jpg" alt="" width="600" height="450" /></a>Annyira légies, könnyű... És az ember már attól jól érzi magát, hogy nézelődik róla mindkét irányba. <a href="https://maimoni.cafeblog.hu/files/2019/04/IMG_5870.jpg"><img class="aligncenter size-large wp-image-16930" src="https://maimoni.cafeblog.hu/files/2019/04/IMG_5870-600x450.jpg" alt="" width="600" height="450" /></a></p>
<p>A folyóparton sétálni remek, ám közben megéhezik az ember; mi a Julija étterembe tértünk be ebédelni, amit jó szívvel ajánlok nektek is: szuper kiszolgálás, finom ételek. Ez az étterem az óvárosban,  folyóparttól egy utcányira található.<a href="https://maimoni.cafeblog.hu/files/2019/04/IMG_20190408_134457.jpg"><img class="aligncenter size-large wp-image-16946" src="https://maimoni.cafeblog.hu/files/2019/04/IMG_20190408_134457-600x450.jpg" alt="" width="600" height="450" /></a>És ha már bejöttök ebbe az utcába, mindenképpen fedezzétek fel! Gyönyörű épületekkel van tele.<a href="https://maimoni.cafeblog.hu/files/2019/04/IMG_5874.jpg"><img class="aligncenter size-large wp-image-16933" src="https://maimoni.cafeblog.hu/files/2019/04/IMG_5874-600x450.jpg" alt="" width="600" height="450" /></a>Ezen az oldalon található a vár is, oda mi nem mentünk fel, mivel azt olvastam róla, hogy a kilátás onnan pont a panelházakra nyílik, mi pedig inkább az óvárost akartuk még egy kicsit jobban felfedezni.<a href="https://maimoni.cafeblog.hu/files/2019/04/IMG_20190408_150825.jpg"><img class="aligncenter size-large wp-image-16956" src="https://maimoni.cafeblog.hu/files/2019/04/IMG_20190408_150825-476x600.jpg" alt="" width="476" height="600" /></a>Séta közben láttam meg egy kirakatban a Mozart golyó szlovén változatát... Vagyis, nem kóstoltuk meg, de arra emlékeztetett így ránézésre.<a href="https://maimoni.cafeblog.hu/files/2019/04/IMG_20190408_144613.jpg"><img class="aligncenter size-large wp-image-16952" src="https://maimoni.cafeblog.hu/files/2019/04/IMG_20190408_144613-600x423.jpg" alt="" width="600" height="423" /></a>Ha már az édességeknél tartunk - hát persze, hogy bementünk egy cukrászdába!!! Nem bíztuk a véletlenre, a vendégek kritikái alapján legjobbnak tartott Lolitát választottuk, immár másodszor: tavaly ősszel is benéztünk ide, kóstoltunk, és nagyon elégedettek voltunk. <a href="https://maimoni.cafeblog.hu/files/2019/04/IMG_20190408_150950_1.jpg"><img class="aligncenter size-large wp-image-16958" src="https://maimoni.cafeblog.hu/files/2019/04/IMG_20190408_150950_1-600x450.jpg" alt="" width="600" height="450" /></a>Bár az üzlet elnevezése véleményünk szerint inkább valamiféle night clubot idéz, a Lolita egy igazi cuki cukrászda. Gyönyörű tortákkal, monodesszertekkel, macaronokkal...<a href="https://maimoni.cafeblog.hu/files/2019/04/IMG_5883.jpg"><img class="aligncenter size-large wp-image-16942" src="https://maimoni.cafeblog.hu/files/2019/04/IMG_5883-450x600.jpg" alt="" width="450" height="600" /></a> Ó igen, s finom kávéval.<a href="https://maimoni.cafeblog.hu/files/2019/04/IMG_5882-e1555020470892.jpg"><img class="aligncenter size-large wp-image-16941" src="https://maimoni.cafeblog.hu/files/2019/04/IMG_5882-e1555020470892-450x600.jpg" alt="" width="450" height="600" /></a>Ez utóbbi süti a gibanica, egészen más, mint ahogy mi készítjük, itt almás-túrós-mákos. Finom, bár nekem kicsit túl édes volt.<a href="https://maimoni.cafeblog.hu/files/2019/04/IMG_20190408_153337_1.jpg"><img class="aligncenter size-large wp-image-16965" src="https://maimoni.cafeblog.hu/files/2019/04/IMG_20190408_153337_1-450x600.jpg" alt="" width="450" height="600" /></a>Nehéz volt abbahagyni a fényképezést, a Lolitát nagyon kitalálták.<a href="https://maimoni.cafeblog.hu/files/2019/04/IMG_20190408_151326.jpg"><img class="aligncenter size-large wp-image-16959" src="https://maimoni.cafeblog.hu/files/2019/04/IMG_20190408_151326-450x600.jpg" alt="" width="450" height="600" /></a>Nos, előbb-utóbb azért innen is el kellett jönnünk... Sétálgattunk még egy kicsit, majd visszatértünk a kocsinkhoz, amit a város fő tere alatti mélygarázsban hagytunk. Egyébként volt olyan tervünk - olvastam az útleírásokban - hogy biciklit kölcsönzünk majd a több ponton elhelyezett kölcsönző állomásokból, állítólag, ha az ember két órán belül visszaviszi, ingyenes, és utána is egészen olcsó, pár euróból megúszható. Talán pont ezért a helyi lakosság is aktívan használja, így egy darabot sem találtunk sehol...:-) De aztán nem bántuk, jót sétáltunk.<a href="https://maimoni.cafeblog.hu/files/2019/04/IMG_20190408_165820.jpg"><img class="aligncenter size-large wp-image-16967" src="https://maimoni.cafeblog.hu/files/2019/04/IMG_20190408_165820-450x600.jpg" alt="" width="450" height="600" /></a>Ez az a bizonyos fő tér - nem valószínű, hogy ez a neve -, ott fent pedig a vár látható.</p>
<p>Bár csak a hétfői szabadnapunkat szántuk rá erre a kis kirándulásra, sok mindent láttunk. Legközelebb szeretnénk eltölteni egy éjszakát itt, Szlovénia gyönyörű fővárosában, hogy megnézzük az esti fényeiben is. Remélem, hamarosan sort kerítünk rá!</p>
<p>&nbsp;</p>
