{"version":"1.0","provider_name":"Mai M\u00f3ni","provider_url":"https:\/\/maimoni.cafeblog.hu","author_name":"maimoni","author_url":"https:\/\/maimoni.cafeblog.hu\/author\/maimoni-2\/","title":"Kar\u00e1csonykor az id\u0151","html":"<p>Fiatalabb koromban enyha cinizmussal hallgattam az egy-k\u00e9t gener\u00e1ci\u00f3val id\u0151sebbek megjegyz\u00e9seit az id\u0151vel kapcsolatban. Hogy ilyen dr\u00e1ga, meg \u00fagy suhan. Nevets\u00e9gesnek t\u0171nt, \u00e9s mindig \u00fagy gondoltam, hogy nekem az id\u0151 sosem lesz ellenf\u00e9l.\u00a0<a href=\"https:\/\/maimoni.cafeblog.hu\/files\/2016\/12\/MG_8176-3.jpg\"><img class=\"aligncenter size-large wp-image-12586\" src=\"https:\/\/maimoni.cafeblog.hu\/files\/2016\/12\/MG_8176-3-600x405.jpg\" alt=\"_mg_8176\" width=\"600\" height=\"405\" \/><\/a><\/p>\r\n<p>Mert az id\u0151 egzakt. Egy perc mindenkinek hatvan m\u00e1sodperc, egy \u00e9v h\u00e1romsz\u00e1zhatvan\u00f6t, n\u00e9gy\u00e9venk\u00e9nt h\u00e1rmosz\u00e1zhatvanhat nap. \u00c9s\u00a0mindenkinek bele kell t\u00f6r\u0151dnie abba, hogy az id\u0151 m\u00falik, \u0151 \u00f6regszik, teh\u00e1t ezzel a gondolattal egyszer\u0171en meg kell bar\u00e1tkozni, \u00e9s k\u00e9sz.<\/p>\r\n<p>De be kell l\u00e1tnom, hogy negyven ut\u00e1n valami t\u00e9nyleg megv\u00e1ltozik. Hogy az id\u0151 \u00faj lend\u00fcletet vesz, \u00e9s egy perc hi\u00e1ba hatvan m\u00e1sodperc, egy \u00e9v hi\u00e1ba annyi, amennyi, sokkal kevesebbnek t\u0171nik.\u00a0<\/p>\r\n<p>Oda jutottam, hogy az id\u0151m mindenn\u00e9l dr\u00e1g\u00e1bb lett. Sajn\u00e1lom a perceket, amit \u00fcres fecseg\u00e9sek hallgat\u00e1s\u00e1val vagyok k\u00e9nytelen elt\u00f6lteni. Sajn\u00e1lom a d\u00e9lut\u00e1nt, ami ostoba pap\u00edrmunka int\u00e9z\u00e9s\u00e9vel telik. Sajn\u00e1lom azokat az \u00f3r\u00e1kat, amiket plusz k\u00f6r\u00f6k fut\u00e1s\u00e1val t\u00f6lt\u00f6m saj\u00e1t magam, vagy m\u00e1sok hanyags\u00e1ga, nemt\u00f6r\u0151d\u00f6ms\u00e9ge vagy figyelmetlens\u00e9ge miatt.<\/p>\r\n<p>Az id\u0151 dr\u00e1ga.\u00a0<\/p>\r\n<p>Arra j\u00f6ttem r\u00e1, hogy akkor j\u00e1runk el a legjobban, ha a rendelkez\u00e9s\u00fcnkre \u00e1ll\u00f3 id\u0151ben \u00e9lm\u00e9nyeket gy\u0171jt\u00fcnk - min\u00e9l t\u00f6bbet, szebbet, jobbat. \u00c9ppen ez\u00e9rt az ut\u00f3bbi \u00e9vekben tudatosabban \u00e9lem meg a csal\u00e1dommal egy\u00fctt t\u00f6lt\u00f6tt id\u0151t. \u00d6r\u00fcl\u00f6k, ha siker\u00fcl kiszak\u00edtani az egyhang\u00fa h\u00e9tk\u00f6znapokb\u00f3l b\u00e1rmennyit, ami lehet egy j\u00f3 vacsora, egy klassz este, amit t\u00e1rsasoz\u00e1ssal t\u00f6lt\u00fcnk, vagy, amikor egy\u00fctt piheg\u00fcnk \u00fasz\u00e1sedz\u00e9s ut\u00e1n a kocsiban. \u00d6r\u00fcl\u00f6k annak, hogy az \u00fcnnepeink klasszul siker\u00fclnek, v\u00e1rom azokat a napokat, amikor a t\u00e1vol \u00e9l\u0151 gyerekeink is hazat\u00e9rnek, \u00e9s \u00fajra egy\u00fctt vagyunk mind a hatan.<\/p>\r\n[caption id=\"attachment_12587\" align=\"aligncenter\" width=\"600\"]<a href=\"https:\/\/maimoni.cafeblog.hu\/files\/2016\/12\/IMG_1861.jpg\"><img class=\"wp-image-12587 size-large\" src=\"https:\/\/maimoni.cafeblog.hu\/files\/2016\/12\/IMG_1861-600x473.jpg\" alt=\"img_1861\" width=\"600\" height=\"473\" \/><\/a> 25-\u00e9n, bar\u00e1tokkal kieg\u00e9sz\u00edtve:)[\/caption]\r\n<p>\u00a0A kar\u00e1csonyt nem vagyok hajland\u00f3 munk\u00e1val t\u00f6lteni; id\u00e9n remek\u00fcl siker\u00fclt megoldanom a csal\u00e1d \u00e9lelmez\u00e9s\u00e9t. 24-\u00e9n est\u00e9re nagyobbik l\u00e1nyom, N\u00f3ra k\u00e9sz\u00fclt ezzel-azzal. Volt lazac, mozzarella, <a href=\"https:\/\/maimoni.cafeblog.hu\/2013\/12\/20\/kedvenc-karacsonyi-receptem-camembert-leveles-tesztaban\/\">leveles t\u00e9szt\u00e1ban s\u00fct\u00f6tt camembert<\/a>, sz\u00f3val, megvoltunk. 25-\u00e9n k\u00fcl\u00f6nleges program v\u00e1rt r\u00e1nk: egy csapat\u00e9p\u00edt\u0151 program megtart\u00e1s\u00e1\u00e9rt cser\u00e9be egy nagyon klassz \u00e9tteremben vacsor\u00e1zhattunk - ami fantasztikus volt, az \u00e9telek, a hangulat, \u00e9s az, hogy mindazzal, amit megett\u00fcnk, nem nekem kellett f\u00e1radoznom.\u00a0<\/p>\r\n<p><a href=\"https:\/\/maimoni.cafeblog.hu\/files\/2016\/12\/MG_8176-4.jpg\"><img class=\"aligncenter size-full wp-image-12589\" src=\"https:\/\/maimoni.cafeblog.hu\/files\/2016\/12\/MG_8176-4.jpg\" alt=\"_mg_8176\" width=\"597\" height=\"450\" \/><\/a><\/p>\r\n<p>A k\u00f6vetkez\u0151 napon az \u00e9n dr\u00e1ga anyuk\u00e1m halmozott el benn\u00fcnket mindenf\u00e9le finoms\u00e1ggal: hozott h\u00faslevest, a <a href=\"https:\/\/maimoni.cafeblog.hu\/2012\/06\/16\/ballagas-es-egy-regota-igert-recept-a-norveg-szelet\/\">legend\u00e1s norv\u00e9g szeletet<\/a>, pan\u00edrozott sajtszeleteket, amiket csak s\u00fctni kellett, kocsony\u00e1t nekem, mert azt csak \u00e9n szeretem, sz\u00f3val, ezen a napon is meg voltam mentve.\u00a0<\/p>\r\n<p>Cser\u00e9be biztos\u00edtottam a t\u00e1gas csal\u00e1d r\u00e9sz\u00e9re egy elk\u00e9peszt\u0151en finom fl\u00f3dni tort\u00e1t, egy t\u00e1lc\u00e1nyi pisk\u00f3tatekercset, illetve meglehet\u0151sen sz\u00e9p mennyis\u00e9gben k\u00e9visel\u0151f\u00e1nkot - ezeket mind-mind- a kar\u00e1csony el\u0151tti utols\u00f3 munkanapok egyik\u00e9n k\u00e9sz\u00edtett\u00fck el\u0151, hogy az \u00fcnnepek alatt csak be kelljen fejezni \u0151ket, \u00edgy t\u00f6red\u00e9kid\u0151 alatt nyert\u00fcnk desszertet.<\/p>\r\n<p><a href=\"https:\/\/maimoni.cafeblog.hu\/files\/2016\/12\/IMG_1862.jpg\"><img class=\"aligncenter size-large wp-image-12591\" src=\"https:\/\/maimoni.cafeblog.hu\/files\/2016\/12\/IMG_1862-481x600.jpg\" alt=\"img_1862\" width=\"481\" height=\"600\" \/><\/a><\/p>\r\n<p>H\u00e1t \u00edgy zajlott n\u00e1lunk ez a h\u00e1rom nap. Rokonok, bar\u00e1tok j\u00f6ttek-mentek, \u00e9s v\u00e9gre nekem is volt egy kis ID\u0150M. Besz\u00e9lgetni, j\u00e1tszani, vagy csak \u00fagy, heverni a kanap\u00e9n \u00e9s <a href=\"https:\/\/maimoni.cafeblog.hu\/2016\/12\/21\/nagy-karacsonyi-filmes-kviz\/\">filmeket n\u00e9zni<\/a>...<\/p>","type":"rich","thumbnail_url":"https:\/\/maimoni.cafeblog.hu\/files\/2016\/12\/IMG_1861-150x150.jpg","thumbnail_width":150,"thumbnail_height":150}

Mai Móni

Karácsonykor az idő

<p>Fiatalabb koromban enyha cinizmussal hallgattam az egy-két generációval idősebbek megjegyzéseit az idővel kapcsolatban. Hogy ilyen drága, meg úgy suhan. Nevetségesnek tűnt, és mindig úgy gondoltam, hogy nekem az idő sosem lesz ellenfél. <a href="https://maimoni.cafeblog.hu/files/2016/12/MG_8176-3.jpg"><img class="aligncenter size-large wp-image-12586" src="https://maimoni.cafeblog.hu/files/2016/12/MG_8176-3-600x405.jpg" alt="_mg_8176" width="600" height="405" /></a></p>
<p>Mert az idő egzakt. Egy perc mindenkinek hatvan másodperc, egy év háromszázhatvanöt, négyévenként hármoszázhatvanhat nap. És mindenkinek bele kell törődnie abba, hogy az idő múlik, ő öregszik, tehát ezzel a gondolattal egyszerűen meg kell barátkozni, és kész.</p>
<p>De be kell látnom, hogy negyven után valami tényleg megváltozik. Hogy az idő új lendületet vesz, és egy perc hiába hatvan másodperc, egy év hiába annyi, amennyi, sokkal kevesebbnek tűnik. </p>
<p>Oda jutottam, hogy az időm mindennél drágább lett. Sajnálom a perceket, amit üres fecsegések hallgatásával vagyok kénytelen eltölteni. Sajnálom a délutánt, ami ostoba papírmunka intézésével telik. Sajnálom azokat az órákat, amiket plusz körök futásával töltöm saját magam, vagy mások hanyagsága, nemtörődömsége vagy figyelmetlensége miatt.</p>
<p>Az idő drága. </p>
<p>Arra jöttem rá, hogy akkor járunk el a legjobban, ha a rendelkezésünkre álló időben élményeket gyűjtünk - minél többet, szebbet, jobbat. Éppen ezért az utóbbi években tudatosabban élem meg a családommal együtt töltött időt. Örülök, ha sikerül kiszakítani az egyhangú hétköznapokból bármennyit, ami lehet egy jó vacsora, egy klassz este, amit társasozással töltünk, vagy, amikor együtt pihegünk úszásedzés után a kocsiban. Örülök annak, hogy az ünnepeink klasszul sikerülnek, várom azokat a napokat, amikor a távol élő gyerekeink is hazatérnek, és újra együtt vagyunk mind a hatan.</p>
[caption id="attachment_12587" align="aligncenter" width="600"]<a href="https://maimoni.cafeblog.hu/files/2016/12/IMG_1861.jpg"><img class="wp-image-12587 size-large" src="https://maimoni.cafeblog.hu/files/2016/12/IMG_1861-600x473.jpg" alt="img_1861" width="600" height="473" /></a> 25-én, barátokkal kiegészítve:)[/caption]
<p> A karácsonyt nem vagyok hajlandó munkával tölteni; idén remekül sikerült megoldanom a család élelmezését. 24-én estére nagyobbik lányom, Nóra készült ezzel-azzal. Volt lazac, mozzarella, <a href="https://maimoni.cafeblog.hu/2013/12/20/kedvenc-karacsonyi-receptem-camembert-leveles-tesztaban/">leveles tésztában sütött camembert</a>, szóval, megvoltunk. 25-én különleges program várt ránk: egy csapatépítő program megtartásáért cserébe egy nagyon klassz étteremben vacsorázhattunk - ami fantasztikus volt, az ételek, a hangulat, és az, hogy mindazzal, amit megettünk, nem nekem kellett fáradoznom. </p>
<p><a href="https://maimoni.cafeblog.hu/files/2016/12/MG_8176-4.jpg"><img class="aligncenter size-full wp-image-12589" src="https://maimoni.cafeblog.hu/files/2016/12/MG_8176-4.jpg" alt="_mg_8176" width="597" height="450" /></a></p>
<p>A következő napon az én drága anyukám halmozott el bennünket mindenféle finomsággal: hozott húslevest, a <a href="https://maimoni.cafeblog.hu/2012/06/16/ballagas-es-egy-regota-igert-recept-a-norveg-szelet/">legendás norvég szeletet</a>, panírozott sajtszeleteket, amiket csak sütni kellett, kocsonyát nekem, mert azt csak én szeretem, szóval, ezen a napon is meg voltam mentve. </p>
<p>Cserébe biztosítottam a tágas család részére egy elképesztően finom flódni tortát, egy tálcányi piskótatekercset, illetve meglehetősen szép mennyiségben kéviselőfánkot - ezeket mind-mind- a karácsony előtti utolsó munkanapok egyikén készítettük elő, hogy az ünnepek alatt csak be kelljen fejezni őket, így töredékidő alatt nyertünk desszertet.</p>
<p><a href="https://maimoni.cafeblog.hu/files/2016/12/IMG_1862.jpg"><img class="aligncenter size-large wp-image-12591" src="https://maimoni.cafeblog.hu/files/2016/12/IMG_1862-481x600.jpg" alt="img_1862" width="481" height="600" /></a></p>
<p>Hát így zajlott nálunk ez a három nap. Rokonok, barátok jöttek-mentek, és végre nekem is volt egy kis IDŐM. Beszélgetni, játszani, vagy csak úgy, heverni a kanapén és <a href="https://maimoni.cafeblog.hu/2016/12/21/nagy-karacsonyi-filmes-kviz/">filmeket nézni</a>...</p>
