{"version":"1.0","provider_name":"Mai M\u00f3ni","provider_url":"https:\/\/maimoni.cafeblog.hu","author_name":"maimoni","author_url":"https:\/\/maimoni.cafeblog.hu\/author\/maimoni-2\/","title":"Sal\u00e1ta","html":"Most olvastam, hogy 26-\u00e1n volt a csernobili katasztr\u00f3fa 24. \u00e9vfordul\u00f3ja. Az az \u00e9rdekes, hogy pont h\u00e9tf\u0151n kaptunk ap\u00f3somt\u00f3l egy zacsk\u00f3 fejes sal\u00e1t\u00e1t, \u00e9s nekem az jutott r\u00f3la eszembe, hogy amikor a csernobili robban\u00e1s t\u00f6rt\u00e9nt, a menz\u00e1t ellepte a sal\u00e1ta.<br>Sal\u00e1t\u00e1t sal\u00e1t\u00e1val k\u00edn\u00e1ltak.<br>Ha j\u00f3l eml\u00e9kszem, csak az esem\u00e9ny ut\u00e1n n\u00e9h\u00e1ny nappal, \u00e9s akkor sem a magyar t\u00e9v\u00e9b\u0151l szerezt\u00fcnk tudom\u00e1st a t\u00f6rt\u00e9ntekr\u0151l. Azt mondt\u00e1k - de m\u00e1r csak m\u00e1jus elseje ut\u00e1n, amikor hivatalosan is elismert\u00e9k a katasztr\u00f3f\u00e1t - hogy ne igyunk tejet, ne egy\u00fcnk sal\u00e1t\u00e1t, k\u00e1poszt\u00e1t, friss gy\u00fcm\u00f6lcs\u00f6t, z\u00f6lds\u00e9get. Ezek \u00e1ra leesett, \u00edgy olcs\u00f3n ker\u00fclhetett a menz\u00e1ra.<br>Mai napig eml\u00e9kszem, k\u00e9t feln\u0151ttel \u00fcltem egy asztaln\u00e1l egyik m\u00e1jus eleji eb\u00e9dn\u00e9l egy men\u00fcztet\u0151 \u00e9tteremben; egyik\u00fck azt mondta, ez az eg\u00e9sz sug\u00e1rz\u00e1s-duma bagatell, \u00e9s t\u00f6mte mag\u00e1ba a sal\u00e1t\u00e1t. A m\u00e1sik lassan f\u00e9lretolta, a kist\u00e1ny\u00e9rt, \u00e9s halkan jegyezte meg: \u0151 ink\u00e1bb \u00f3vatos. El\u0151bbi vag\u00e1nynak t\u0171nt, ut\u00f3bbi f\u00e9l\u0151snek. Hatodikos voltam.<br>Nem gy\u0151z\u00f6k h\u00e1l\u00e1t adni Istennek az\u00e9rt, hogy eg\u00e9szs\u00e9ges gyerekeim sz\u00fclettek.<br><br><div><a href=\"https:\/\/maimoni.cafeblog.hu\/files\/2010\/04\/sal\u00e1ta.jpg\"><img border=\"0\" height=\"262\" src=\"https:\/\/maimoni.cafeblog.hu\/files\/2010\/04\/sal\u00e1ta.jpg\" width=\"320\"><\/a><\/div><div>\u00a0<a href=\"http:\/\/haspok.blog.hu\/2008\/11\/02\/konyakos_csirkemellsalata\">Fot\u00f3 innen.<\/a><\/div><br>A fejes sal\u00e1t\u00e1t egy\u00e9bk\u00e9nt nem nagyon szeretem, \u00e9s k\u00fcl\u00f6n\u00f6sen ut\u00e1lom, amikor szezonj\u00e1ban szatyorsz\u00e1mra kapom. Mert mit lehet kezdeni \u00f6t fejjel? Ok\u00e9, egyet-kett\u0151t m\u00e9g csak-csak megesz\u00fcnk, m\u00e9g ha nem is rajongunk \u00e9rte, beleteszem m\u00e1s sal\u00e1t\u00e1kba is, na de \u00f6t\u00f6t? \u00c9s a legjobb, ha v\u00e9gre legy\u0171rj\u00fck, vagy, mondjuk nagy lelkiismeretfurdal\u00e1sok k\u00f6zepette a kuk\u00e1ba haj\u00edtom a rothad\u00e1snak indult marad\u00e9kot, ap\u00f3som be\u00e1ll\u00edt egy \u00fajabb adaggal.<br>- K\u00f6sz\u00f6nj\u00fck, de nem kell \u00e1m... - pr\u00f3b\u00e1lok h\u00e1r\u00edtani, mire \u0151:<br>- Dehogynem, vedd csak el! Annyi van, azt sem tudom, mit csin\u00e1ljak vele...","type":"rich"}

Mai Móni

Saláta

Most olvastam, hogy 26-án volt a csernobili katasztrófa 24. évfordulója. Az az érdekes, hogy pont hétfőn kaptunk apósomtól egy zacskó fejes salátát, és nekem az jutott róla eszembe, hogy amikor a csernobili robbanás történt, a menzát ellepte a saláta.<br>Salátát salátával kínáltak.<br>Ha jól emlékszem, csak az esemény után néhány nappal, és akkor sem a magyar tévéből szereztünk tudomást a történtekről. Azt mondták - de már csak május elseje után, amikor hivatalosan is elismerték a katasztrófát - hogy ne igyunk tejet, ne együnk salátát, káposztát, friss gyümölcsöt, zöldséget. Ezek ára leesett, így olcsón kerülhetett a menzára.<br>Mai napig emlékszem, két felnőttel ültem egy asztalnál egyik május eleji ebédnél egy menüztető étteremben; egyikük azt mondta, ez az egész sugárzás-duma bagatell, és tömte magába a salátát. A másik lassan félretolta, a kistányért, és halkan jegyezte meg: ő inkább óvatos. Előbbi vagánynak tűnt, utóbbi félősnek. Hatodikos voltam.<br>Nem győzök hálát adni Istennek azért, hogy egészséges gyerekeim születtek.<br><br><div><a href="https://maimoni.cafeblog.hu/files/2010/04/saláta.jpg"><img border="0" height="262" src="https://maimoni.cafeblog.hu/files/2010/04/saláta.jpg" width="320"></a></div><div> <a href="http://haspok.blog.hu/2008/11/02/konyakos_csirkemellsalata">Fotó innen.</a></div><br>A fejes salátát egyébként nem nagyon szeretem, és különösen utálom, amikor szezonjában szatyorszámra kapom. Mert mit lehet kezdeni öt fejjel? Oké, egyet-kettőt még csak-csak megeszünk, még ha nem is rajongunk érte, beleteszem más salátákba is, na de ötöt? És a legjobb, ha végre legyűrjük, vagy, mondjuk nagy lelkiismeretfurdalások közepette a kukába hajítom a rothadásnak indult maradékot, apósom beállít egy újabb adaggal.<br>- Köszönjük, de nem kell ám... - próbálok hárítani, mire ő:<br>- Dehogynem, vedd csak el! Annyi van, azt sem tudom, mit csináljak vele...
